- 102 = 0. Calculate the highest common divisor of r and v.
6
Let l(g) = -4*g**3 + 2*g**2 + g + 1. Let i be l(-1). Let k = 34 - 19. What is the highest common factor of k and i?
3
Let a be (-2)/(-6) - 50/15. Let y be a/(-1 - (-12)/15). Calculate the highest common factor of 6 and y.
3
Let j = -20 + 15. Let q be (14/j)/((-1)/5). What is the highest common factor of 2 and q?
2
Suppose 2 = 4*i - 3*i. Suppose -5*l = k - 4*k + 12, -i*k + 5*l = -8. Calculate the highest common divisor of k and 8.
4
Let x(l) = 3*l + 6. Let c be x(3). What is the highest common factor of 15 and c?
15
Let i = -49 + 54. Calculate the greatest common factor of 40 and i.
5
Suppose 5*w - 79 = -349. Let c = -31 - w. What is the greatest common divisor of 69 and c?
23
Let q(x) = -x**2 - 7*x - 1. Let a be q(-5). Let d = a + -4. Suppose j - 4*j = -12, 4*j = 2*r - 54. What is the highest common factor of d and r?
5
Let d = 5 - -5. Let c be -32*(0 - 10/4). Calculate the highest common factor of c and d.
10
Let x(m) = 15*m - 17. Let g be x(3). Let y be (-63)/2*24/(-9). Calculate the greatest common factor of y and g.
28
Let t = 6 + -1. Suppose 3*f - 62 = t*h, -3*f + 3*h + 60 = -0*f. Calculate the greatest common divisor of 19 and f.
19
Suppose 2*z = -8, -i + z = -9 + 3. Suppose 126 = 3*j - i*j. What is the greatest common factor of j and 14?
14
Let a = 0 - -1. Let v = a - -5. Let h be (1 - 1 - 1) + 2. Calculate the greatest common factor of v and h.
1
Let l = -62 - -32. Let t be l/20*320/(-6). Calculate the greatest common divisor of t and 20.
20
Let l(p) = p**2 + 2*p - 4. Let j be ((-3)/(-4) + -2)*4. Let w be l(j). Let a = 273 - 185. Calculate the greatest common divisor of a and w.
11
Let r be (-42)/(-8) - 7/28. Suppose -r*y + 10*y = 25. What is the greatest common factor of y and 40?
5
Let h be -3*(-2)/(-6)*-5. What is the greatest common divisor of h and 20?
5
Suppose -7*v + 409 + 592 = 0. Suppose -t + 9 = 2*r, 2*t + r - 2*r = 28. What is the highest common factor of v and t?
13
Let a = 12 + 6. What is the highest common factor of a and 36?
18
Let r(c) = -4*c - 6. Suppose 11 - 3 = -2*g. Let d be r(g). Suppose 122 = 3*z - d. What is the highest common divisor of z and 4?
4
Let y = -12 + 33. Calculate the greatest common factor of y and 21.
21
Let s = 77 + -62. Calculate the greatest common divisor of s and 20.
5
Suppose -3*f + 2*x = -24, 2*x = 3*f - 2*f - 8. Suppose y = -y - 10. Let p = -1 - y. Calculate the highest common divisor of p and f.
4
Let w be ((-20)/3)/(645/108 + -6). What is the highest common factor of w and 60?
60
Let d(n) = -9*n - 11. Let b be d(-2). What is the highest common divisor of b and 63?
7
Let d be (-5 - -4)/((-2)/(-94)). Let j = d + 25. Let w be 2/11 - 194/j. Calculate the highest common divisor of 9 and w.
9
Suppose -5*a - 2*g + 40 = 0, -a + 5*g = a - 16. Calculate the greatest common factor of a and 10.
2
Let u(t) = -3*t - 2. Let d be u(-2). Suppose -2*i + 55 = -3*m, 0 = -d*i + 5*m - 41 + 146. What is the highest common divisor of i and 20?
20
Suppose -4*j - 73 = -3*u + j, 4*j + 8 = 0. What is the greatest common factor of 147 and u?
21
Let a(c) = -2*c**3 + 2*c**2 + 2*c + 4. Let w = -4 + 1. Let l be a(w). Let d(o) = o + 10. Let p be d(0). What is the greatest common factor of l and p?
10
Let f = 52 + -30. Calculate the highest common divisor of 2 and f.
2
Let h(g) = 14*g**2 + 4*g + 16. Let f be h(-4). What is the highest common factor of f and 14?
14
Suppose -v + 2*v - 2*p = 95, 3*p - 435 = -4*v. Calculate the greatest common divisor of v and 15.
15
Suppose 5*h = 2*k + 27, -7*k - 20 = -3*h - 2*k. Suppose -2*m = -h*s + 14, -3*s = -m - m - 6. What is the highest common factor of 12 and s?
4
Let c(o) = -51*o + 1. Suppose 2*l - r = 4*l + 11, 0 = l + r + 8. Let b be c(l). Let w = 23 - 9. Calculate the greatest common divisor of b and w.
14
Suppose -4*a + 695 = -97. What is the highest common factor of a and 22?
22
Suppose -3*k + 0 + 15 = 0, -143 = -4*h - 3*k. What is the highest common factor of 4 and h?
4
Let a = -1 + 5. What is the highest common factor of 44 and a?
4
Let a(d) = 3*d - 2. Let y be a(4). Suppose 2*l + 3*l = 150. Let c = y + l. What is the highest common divisor of 16 and c?
8
Suppose -2*o - o = 15, 555 = 5*c + o. Let k be 665/38 + (-3)/2. What is the greatest common divisor of c and k?
16
Let d(w) = 8*w**2 - w. Let a be d(2). Suppose -16 = -4*f, -3 - 1 = z - f. Suppose -s - s + 12 = z. What is the highest common factor of s and a?
6
Let i be (0 - -4 - -36)/2. What is the highest common divisor of 10 and i?
10
Let i(j) = j**3 + 6*j**2 + 6*j - 4. Let a be i(-3). Calculate the highest common divisor of 55 and a.
5
Let b = 12 - 22. Let x be 4/b - 44/(-10). Let v = 87 - 43. What is the greatest common divisor of x and v?
4
Suppose -5*h + 19 = 4*d, 2*h + 0*d = d + 18. Let w be (-2)/7 + (-1623)/(-21). Calculate the highest common divisor of w and h.
7
Let t be ((-48)/10)/((-1)/35). What is the highest common divisor of 24 and t?
24
Suppose 3*r - 2 - 28 = 0. What is the highest common divisor of r and 10?
10
Let u(o) be the second derivative of -o**3/2 + o**2 - o. Let r be u(-6). Calculate the greatest common divisor of r and 180.
20
Let l = -19 - -64. What is the greatest common factor of 5 and l?
5
Let l be ((-6)/(-8))/(78/72 + -1). What is the highest common divisor of l and 63?
9
Suppose -4*h = 2*t - 111 - 477, 0 = 2*t - 3*h - 609. Suppose -y = -5*y + t. Let q = -52 + y. What is the greatest common factor of q and 207?
23
Let m(w) = 2*w + 7. Let o be m(8). Suppose 4*g + 3*t = o, -g - 2 = 4*t + 2. What is the highest common divisor of 12 and g?
4
Suppose -3*v = -0*v - 33. Let x = v - 3. Let j = -66 + 98. Calculate the greatest common factor of j and x.
8
Suppose 0*o - 8 = -2*o, -5*o = -3*p + 160. Let y(a) = 8*a - 8. Let l be y(4). Calculate the greatest common divisor of l and p.
12
Suppose 2*y + 3*l - 141 = 0, 0 = -4*y + 3*y - 5*l + 88. Calculate the greatest common factor of 21 and y.
21
Suppose k - 736 = -5*b, -2*b - 2*k - 2*k + 280 = 0. Let h = b + -83. Let w = 48 - 35. What is the greatest common divisor of w and h?
13
Let p be 6 - (1 - 2)/(-1). Suppose 0 = -2*u - 3*u + 15. Suppose 16 = -4*z + 3*q + 2*q, u*z + 9 = 3*q. Calculate the highest common divisor of z and p.
1
Let g be -235 - (3 + 0)/(-3). Let b be g/10*(-4 + -1). Suppose 4*i - i = 39. What is the highest common divisor of i and b?
13
Let i(v) = 2*v**2 - 4*v + 2. Let h be i(3). Suppose 24 = -4*l + h*l. Suppose -5*r + 9 = -l. What is the greatest common factor of r and 6?
3
Let i be 175/28 - (-2)/(-8). Let k(h) = 2 + 3 - i + 2*h**2 - 5*h + 4. Let u be k(3). Calculate the greatest common divisor of 6 and u.
6
Let z be (-3)/(-1 - (-3)/(-6)). Suppose z*f - 60 = -f. What is the highest common factor of f and 140?
20
Suppose 5*h - 15 = 5*m, 2*m + 2*h = -2*m + 12. Let r be -2 + (-32 - m) + 0. Let l = r - -83. Calculate the greatest common divisor of 16 and l.
16
Let c be 7 - (-4 + -2)/(-3). Calculate the greatest common divisor of c and 20.
5
Suppose -4*a - 20 - 24 = 4*x, -5*a = -5. Let c = x + 28. Calculate the highest common factor of c and 48.
16
Let o be 1/(-3) + 34/3. Suppose 5*t = -4 + 224. What is the greatest common divisor of t and o?
11
Suppose 0 = 4*w + 3*a - 0*a - 14, -3*a = -4*w + 2. Suppose 3*f = -w*f - 210. Let x = f + 112. What is the highest common divisor of 14 and x?
14
Let i(f) = -21*f. Let m be i(-3). Suppose 6 = -8*l + 9*l. Let z be m/(-4)*(-16)/l. Calculate the highest common divisor of z and 7.
7
Let t(k) = 12*k**2 + 3*k + 3. Let z be t(-2). Suppose 3*a - 2*v = 40, 0 = -a - 4*a - v + z. What is the highest common divisor of 110 and a?
10
Let f(c) = -5*c**3 + 3*c + 1. Let a be f(-2). Suppose -a = 5*y - 10*y. Calculate the greatest common divisor of y and 7.
7
Suppose -3*l - o - 4*o + 30 = 0, 2*l - 5*o = -5. Suppose l*g - 5 = -0*g. What is the greatest common divisor of 11 and g?
1
Let w(u) = -21*u - 2. Let c be w(-4). What is the highest common divisor of c and 123?
41
Let v = 54 + -104. Let l(j) = -j**2 - 7*j - 11. Let c be l(-9). Let s = c - v. Calculate the highest common factor of 147 and s.
21
Let c = 80 - 50. Suppose 0 = 5*m, 5*m - 47 = 2*x - 197. What is the greatest common divisor of c and x?
15
Let y(c) = -16*c**3 + c. Let j be y(-1). Calculate the 